03?
177188
In base 13, what is -74cb + -1?
-74cc
In base 7, what is -300 + 311?
11
In base 8, what is 4 + -6247?
-6243
In base 3, what is 12 + -11201?
-11112
In base 3, what is -1121 - -1101112221?
1101111100
In base 4, what is -2 - -2212030?
2212022
In base 16, what is -6 + 142e?
1428
In base 10, what is 47 + -1051?
-1004
In base 6, what is 225350 - -13?
225403
In base 2, what is 1000011 - 111100?
111
In base 8, what is 0 + 112506?
112506
In base 11, what is 57a50 - 3?
57a48
In base 12, what is -4 + -a4506?
-a450a
In base 14, what is -60 - -a29?
9a9
In base 10, what is -366602 - -1?
-366601
In base 5, what is -3011 + 1030?
-1431
In base 13, what is c812 - ab?
c734
In base 12, what is 353887 - 2?
353885
In base 4, what is -23011120223 + 1?
-23011120222
In base 11, what is 1146a - 3?
11467
In base 3, what is -11021012001020 - -11?
-11021012001002
In base 3, what is -1002101220 - 200?
-1002102120
In base 14, what is -1cc + -4d?
-23b
In base 13, what is 76c2 - -2c?
7721
In base 13, what is 3c5 - 74?
351
In base 7, what is 20112 - 53?
20026
In base 16, what is 9c8 - -75?
a3d
In base 12, what is -92672a - -4?
-926726
In base 11, what is -48 + 116?
79
In base 9, what is 467 - -88?
566
In base 13, what is 1 + -15660?
-1565c
In base 13, what is bc359 + -3?
bc356
In base 13, what is -ca27 - -35?
-c9c2
In base 6, what is -505 + 1014?
105
In base 9, what is -237 + -142?
-380
In base 14, what is -19034 + 1?
-19033
In base 16, what is 2 + 15098?
1509a
In base 7, what is -1132435 - -13?
-1132422
In base 12, what is bb + -b33?
-a34
In base 12, what is -1992 - 215?
-1ba7
In base 16, what is 68 + -359?
-2f1
In base 5, what is 22010 + 3040?
30100
In base 10, what is 6 - -1613?
1619
In base 16, what is f5 - 235?
-140
In base 4, what is -11 + -223221?
-223232
In base 10, what is 8139 + -215?
7924
In base 10, what is -2996523 + -5?
-2996528
In base 2, what is -100 - 10110010010100101111?
-10110010010100110011
In base 10, what is 10 + -2217?
-2207
In base 2, what is 1110010111111011000 - 100?
1110010111111010100
In base 15, what is 2c52 + -19?
2c38
In base 10, what is -429 - -6248?
5819
In base 12, what is -4 + 15099?
15095
In base 5, what is -1130231440 - 4?
-1130231444
In base 4, what is 10210321 - -3?
10210330
In base 16, what is 16f80 + 13?
16f93
In base 3, what is -100001 + 10022220?
2222212
In base 12, what is 2 - -2a4a6?
2a4a8
In base 2, what is 1001101110 + -10001?
1001011101
In base 13, what is 4 - a0824?
-a0820
In base 6, what is -530 + 3222?
2252
In base 2, what is -1110010010011 + 0?
-1110010010011
In base 12, what is -50b9b - 5?
-50ba4
In base 12, what is -167 - 162?
-309
In base 14, what is c + d255?
d263
In base 11, what is -6 + -470900?
-470906
In base 8, what is -104 + 12065?
11761
In base 8, what is 12 + -23217?
-23205
In base 8, what is 1501 - 3700?
-2177
In base 6, what is -12504 + 4?
-12500
In base 3, what is -2 - -201110200102?
201110200100
In base 12, what is -5190 - 0?
-5190
In base 15, what is -2ba - 5?
-2c0
In base 9, what is -25 - 7757?
-7783
In base 15, what is -4a4 + 37?
-46c
In base 7, what is -21165 - 2600?
-24065
In base 16, what is 70 - -7fe?
86e
In base 7, what is -4 - -5524?
5520
In base 16, what is 7f + -1b6?
-137
In base 14, what is -3 + -1088?
-108b
In base 10, what is -930 - 1673?
-2603
In base 6, what is -125243214 + 5?
-125243205
In base 9, what is -4 - -41303?
41288
In base 10, what is -5225580 - 5?
-5225585
In base 6, what is 224121 - 10?
224111
In base 12, what is 4 + 38539?
38541
In base 10, what is 6544 - 68?
6476
In base 6, what is 1 - -221503?
221504
In base 5, what is 21 - 22224002?
-22223431
In base 15, what is -5235c - 6?
-52363
In base 8, what is 20 + 135627?
135647
In base 6, what is -5 + 2423000?
2422551
In base 12, what is -3 - -10a89?
10a86
In base 12, what is -1b66 - -10?
-1b56
In base 12, what is 417a529 - 2?
417a527
In base 14, what is 63 - -43d?
4a2
In base 6, what is 31 + -41314?
-41243
In base 16, what is 170 + 3?
173
In base 3, what is 12 + 112211121?
112211210
In base 16, what is fad - 189?
e24
In base 10, what is -204829 + -3?
-204832
In base 11, what is 8a3 + -57?
847
In base 10, what is 2725 - -17?
2742
In base 4, what is 320102103 + 11?
320102120
In base 13, what is 1c3 + -154?
6c
In base 7, what is -36502 - 1?
-36503
In base 12, what is 6755 - 2?
6753
In base 5, what is -2203440132 - 3?
-2203440140
In base 4, what is -3 + 201100033?
201100030
In base 7, what is -111406 + 0?
-111406
In base 12, what is -73425 + 5?
-73420
In base 9, what is -11 - 212531?
-212542
In base 12, what is -58676 + 5?
-58671
In base 9, what is -8 + 6825?
6816
In base 4, what is -32232 + -1122?
-100020
In base 15, what is 41 + 90d?
94e
In base 9, what is -106755 - -3?
-106752
In base 15, what is -8e + -1e7d?
-201c
In base 4, what is 21220 - -112220?
200100
In base 3, what is 10 + 222221101200?
222221101210
In base 8, what is 25263 + -233?
25030
In base 10, what is 2 - 29796?
-29794
In base 8, what is 17 - -12137?
12156
In base 6, what is 3131 + -21301?
-14130
In base 9, what is -5 - -2126731?
2126725
In base 7, what is -155 + 1212?
1024
In base 9, what is 2702 - 36?
2655
In base 15, what is 5033 - 6?
502c
In base 15, what is 1c + c9?
e6
In base 2, what is -1001001000110011000110 - 100?
-1001001000110011001010
In base 9, what is -117168 + -4?
-117173
In base 14, what is 5a - -4c9b?
4d17
In base 8, what is -376424 - -33?
-376371
In base 2, what is -1010000110100000111 - 100?
-1010000110100001011
In base 5, what is 3 + -133311?
-133303
In base 3, what is 2101010 + -21?
2100212
In base 9, what is 12071 + 33?
12114
In base 14, what is 15cba5 - -1?
15cba6
In base 12, what is 13898 - 32?
13866
In base 14, what is 8 - 1d?
-15
In base 6, what is 34 + 13431?
13505
In base 15, what is -181 + 50c?
37b
In base 8, what is -6 - 13744?
-13752
In base 15, what is 88d6 - 1?
88d5
In base 2, what is -1111011010000 + -100?
-1111011010100
In base 7, what is 113443 + -32?
113411
In base 9, what is -13 - 266150?
-266163
In base 8, what is -1 + 5437646?
5437645
In base 15, what is 1 - 11e68?
-11e67
In base 7, what is -1 - -3023405?
3023404
In base 14, what is 58 + 149?
1a3
In base 9, what is -11 - 4758?
-4770
In base 10, what is 1649 + 186?
1835
In base 2, what is 11 + -1001011000101?
-1001011000010
In base 5, what is 2302203 + 4?
2302212
In base 9, what is -411338 + -4?
-411343
In base 16, what is -2243 - c?
-224f
In base 13, what is 15 + 1b71?
1b86
In base 14, what is 14 + 1d37?
1d4b
In base 10, what is -6359819 + 0?
-6359819
In base 4, what is 323 + -13102?
-12113
In base 8, what is -156031 + 2?
-156027
In base 6, what is 53 - -4214?
4311
In base 2, what is -11110110100 - 101?
-11110111001
In base 8, what is 1710352 - -5?
1710357
In base 4, what is 1331300 - 111?
1331123
In base 11, what is 5 + -15100?
-150a6
In base 12, what is b5286 + -12?
b5274
In base 5, what is -1231 - 1413?
-3144
In base 5, what is 3413201 - 1?
3413200
In base 7, what is 3 + 351123?
351126
In base 10, what is -50 - -52300?
52250
In base 10, what is 48431 + 34?
48465
In base 7, what is 104 - 26415?
-26311
In base 9, what is -67114 + 5?
-67108
In base 14, what is -10d11 + -11?
-10d22
In base 2, what is 101 - 110111010111001110111?
-110111010111001110010
In base 8, what is 104710 + -3?
104705
In base 10, what is -70 + -4884?
-4954
In base 8, what is 50 - 724?
-654
In base 7, what is -1 - 114002?
-114003
In base 13, what is -19cc + -50?
-1a4c
In base 10, what is -25476 - -7?
-25469
In base 13, what is -949a + 4?
-9496
In base 5, what is -14 - -1320112?
1320043
In base 16, what is 1201e + 0?
1201e
In base 7, what is -44 + 2003235?
2003161
In base 7, what is 4 + -442006?
-442002
In base 11, what is -2 + 2a702?
2a700
In base 13, what is -4 + b207?
b203
In base 10, what is 463544 - 4?
463540
In base 12, what is 20a + 204?
412
In base 7, what is 1665414 + -1?
1665413
In base 7, what is 5 + -15464205?
-15464200
In base 16, what is 0 + 151b?
151b
In base 9, what is -5042048 - -1?
-5042047
In base 14, what is -2a + 1254?
1228
In base 11, what is 7a + a2a?
aa9
In base 10, what is -241 + -7671?
-7912
In base 13, what is 4a938 + -7?
4a931
In base 4, what is 1312 + -33021132?
-33013220
In base 8, what is -6 - -141414?
141406
In base 16, what is -5 + -42f4?
-42f9
In base 10, what is -3